the prime factors of 61364.
2, 23, 29
What are the prime factors of 32271?
3, 31, 347
What are the prime factors of 13361?
31, 431
List the prime factors of 12782.
2, 7, 11, 83
What are the prime factors of 12380?
2, 5, 619
What are the prime factors of 7099?
31, 229
What are the prime factors of 17208?
2, 3, 239
What are the prime factors of 2229?
3, 743
List the prime factors of 127811.
23, 5557
List the prime factors of 1407.
3, 7, 67
List the prime factors of 22210.
2, 5, 2221
What are the prime factors of 2091?
3, 17, 41
List the prime factors of 6373.
6373
What are the prime factors of 155481?
3, 51827
List the prime factors of 1903.
11, 173
What are the prime factors of 11263?
7, 1609
List the prime factors of 50662.
2, 73, 347
What are the prime factors of 3542?
2, 7, 11, 23
List the prime factors of 32817.
3, 10939
List the prime factors of 29179.
29179
What are the prime factors of 29248?
2, 457
What are the prime factors of 883?
883
What are the prime factors of 541?
541
List the prime factors of 172414.
2, 11, 17, 461
What are the prime factors of 15534?
2, 3, 863
What are the prime factors of 7?
7
List the prime factors of 28373.
17, 1669
What are the prime factors of 80229?
3, 47, 569
List the prime factors of 462.
2, 3, 7, 11
What are the prime factors of 923?
13, 71
List the prime factors of 24933.
3, 8311
List the prime factors of 4408.
2, 19, 29
List the prime factors of 269.
269
List the prime factors of 656.
2, 41
List the prime factors of 157.
157
List the prime factors of 20668.
2, 5167
What are the prime factors of 2149?
7, 307
List the prime factors of 17717.
7, 2531
List the prime factors of 91268.
2, 22817
List the prime factors of 746.
2, 373
What are the prime factors of 6753?
3, 2251
List the prime factors of 1154.
2, 577
What are the prime factors of 17909?
17909
List the prime factors of 817.
19, 43
What are the prime factors of 1845?
3, 5, 41
List the prime factors of 1701.
3, 7
What are the prime factors of 361?
19
What are the prime factors of 486?
2, 3
List the prime factors of 18902.
2, 13, 727
List the prime factors of 20564.
2, 53, 97
List the prime factors of 163691.
11, 23, 647
List the prime factors of 293.
293
List the prime factors of 14081.
14081
What are the prime factors of 28422?
2, 3, 1579
What are the prime factors of 1846?
2, 13, 71
List the prime factors of 2599.
23, 113
List the prime factors of 16670.
2, 5, 1667
What are the prime factors of 3694?
2, 1847
What are the prime factors of 1746?
2, 3, 97
What are the prime factors of 8373?
3, 2791
List the prime factors of 64577.
64577
List the prime factors of 99058.
2, 49529
What are the prime factors of 1082?
2, 541
What are the prime factors of 14736?
2, 3, 307
What are the prime factors of 18346?
2, 9173
List the prime factors of 11106.
2, 3, 617
List the prime factors of 2987.
29, 103
List the prime factors of 1178.
2, 19, 31
What are the prime factors of 10335?
3, 5, 13, 53
List the prime factors of 3896.
2, 487
List the prime factors of 25029.
3, 103
What are the prime factors of 10999?
17, 647
List the prime factors of 43200.
2, 3, 5
What are the prime factors of 2471?
7, 353
List the prime factors of 3986.
2, 1993
What are the prime factors of 296?
2, 37
List the prime factors of 5380.
2, 5, 269
What are the prime factors of 137340?
2, 3, 5, 7, 109
What are the prime factors of 6426?
2, 3, 7, 17
List the prime factors of 25177.
17, 1481
What are the prime factors of 4162?
2, 2081
What are the prime factors of 38992?
2, 2437
What are the prime factors of 84835?
5, 19, 47
What are the prime factors of 19636?
2, 4909
List the prime factors of 2981.
11, 271
What are the prime factors of 48414?
2, 3, 8069
What are the prime factors of 681?
3, 227
What are the prime factors of 574?
2, 7, 41
List the prime factors of 3084.
2, 3, 257
What are the prime factors of 1395?
3, 5, 31
What are the prime factors of 4808?
2, 601
What are the prime factors of 191?
191
List the prime factors of 11174.
2, 37, 151
List the prime factors of 50693.
163, 311
What are the prime factors of 1523?
1523
What are the prime factors of 6451?
6451
List the prime factors of 7935.
3, 5, 23
What are the prime factors of 1028?
2, 257
What are the prime factors of 12657?
3, 4219
What are the prime factors of 1516?
2, 379
What are the prime factors of 7593?
3, 2531
What are the prime factors of 4483?
4483
What are the prime factors of 27516?
2, 3, 2293
List the prime factors of 61956.
2, 3, 1721
What are the prime factors of 14256?
2, 3, 11
What are the prime factors of 1913?
1913
What are the prime factors of 26507?
13, 2039
List the prime factors of 6477.
3, 17, 127
What are the prime factors of 137?
137
List the prime factors of 7678.
2, 11, 349
What are the prime factors of 19526?
2, 13, 751
List the prime factors of 892.
2, 223
List the prime factors of 75381.
3, 25127
List the prime factors of 26064.
2, 3, 181
What are the prime factors of 11184?
2, 3, 233
What are the prime factors of 15210?
2, 3, 5, 13
List the prime factors of 20794.
2, 37, 281
What are the prime factors of 76462?
2, 38231
What are the prime factors of 1886?
2, 23, 41
List the prime factors of 46758.
2, 3, 7793
What are the prime factors of 111613?
239, 467
What are the prime factors of 10577?
7, 1511
What are the prime factors of 21516?
2, 3, 11, 163
List the prime factors of 8566.
2, 4283
What are the prime factors of 90346?
2, 199, 227
What are the prime factors of 24272?
2, 37, 41
What are the prime factors of 14607?
3, 541
What are the prime factors of 1315?
5, 263
What are the prime factors of 45397?
11, 4127
List the prime factors of 154703.
67, 2309
What are the prime factors of 28778?
2, 14389
What are the prime factors of 8506?
2, 4253
What are the prime factors of 798?
2, 3, 7, 19
List the prime factors of 95325.
3, 5, 31, 41
List the prime factors of 748.
2, 11, 17
What are the prime factors of 120410?
2, 5, 12041
What are the prime factors of 1632?
2, 3, 17
List the prime factors of 28019.
28019
What are the prime factors of 37053?
3, 23, 179
What are the prime factors of 37049?
37049
What are the prime factors of 46257?
3, 17, 907
What are the prime factors of 8135?
5, 1627
List the prime factors of 435.
3, 5, 29
What are the prime factors of 65138?
2, 32569
What are the prime factors of 114468?
2, 3, 9539
What are the prime factors of 2178?
2, 3, 11
What are the prime factors of 140813?
140813
List the prime factors of 174.
2, 3, 29
List the prime factors of 27258.
2, 3, 7, 11, 59
What are the prime factors of 3718?
2, 11, 13
List the prime factors of 94762.
2, 47381
What are the prime factors of 34987?
59, 593
List the prime factors of 76178.
2, 41, 929
What are the prime factors of 167056?
2, 53, 197
List the prime factors of 13791.
3, 4597
List the prime factors of 2944.
2, 23
What are the prime factors of 1899?
3, 211
What are the prime factors of 91197?
3, 10133
What are the prime factors of 17000?
2, 5, 17
What are the prime factors of 65253?
3, 21751
What are the prime factors of 11912?
2, 1489
What are the prime factors of 3893?
17, 229
List the prime factors of 14565.
3, 5, 971
List the prime factors of 7351.
7351
List the prime factors of 2108.
2, 17, 31
What are the prime factors of 25520?
2, 5, 11, 29
List the prime factors of 3388.
2, 7, 11
List the prime factors of 38540.
2, 5, 41, 47
What are the prime factors of 6497?
73, 89
List the prime factors of 61848.
2, 3, 859
List the prime factors of 5534.
2, 2767
What are the prime factors of 59618?
2, 13, 2293
List the prime factors of 89891.
89891
List the prime factors of 1669.
1669
List the prime factors of 2570.
2, 5, 257
What are the prime factors of 4170?
2, 3, 5, 139
What are the prime factors of 23686?
2, 13, 911
What are the prime factors of 6131?
6131
What are the prime factors of 617?
617
What are the prime factors of 1010?
2, 5, 101
List the prime factors of 1046.
2, 523
List the prime factors of 46778.
2, 19, 1231
What are the prime factors of 2613?
3, 13, 67
What are the prime factors of 12709?
71, 179
What are the prime factors of 33195?
3, 5, 2213
What are the prime factors of 12060?
2, 3, 5, 67
What are the prime factors of 41437?
11, 3767
What are the prime factors of 25214?
2, 7, 1801
List the prime f